llions digit of 22145853?
2
What is the thousands digit of 637063?
7
What is the hundreds digit of 14197?
1
What is the tens digit of 45021?
2
What is the tens digit of 2609872?
7
What is the units digit of 9344231?
1
What is the units digit of 2519884?
4
What is the units digit of 7872230?
0
What is the millions digit of 1080777?
1
What is the ten thousands digit of 489794?
8
What is the hundred thousands digit of 438015?
4
What is the millions digit of 1327121?
1
What is the tens digit of 672756?
5
What is the tens digit of 1101010?
1
What is the ten thousands digit of 1274379?
7
What is the millions digit of 9534558?
9
What is the thousands digit of 4723681?
3
What is the ten thousands digit of 2149749?
4
What is the thousands digit of 18670932?
0
What is the ten thousands digit of 27894?
2
What is the ten thousands digit of 2930814?
3
What is the thousands digit of 781563?
1
What is the ten thousands digit of 389967?
8
What is the ten thousands digit of 4298160?
9
What is the millions digit of 2091815?
2
What is the units digit of 3290575?
5
What is the hundred thousands digit of 707452?
7
What is the hundred thousands digit of 1731024?
7
What is the units digit of 10655?
5
What is the thousands digit of 9287236?
7
What is the hundreds digit of 218334?
3
What is the units digit of 16146749?
9
What is the hundreds digit of 576072?
0
What is the units digit of 407623?
3
What is the tens digit of 273323?
2
What is the hundred thousands digit of 9054800?
0
What is the hundreds digit of 448671?
6
What is the tens digit of 362951?
5
What is the tens digit of 69919?
1
What is the hundreds digit of 2266774?
7
What is the hundreds digit of 1418607?
6
What is the hundreds digit of 1172184?
1
What is the thousands digit of 62771?
2
What is the thousands digit of 214083?
4
What is the thousands digit of 4311983?
1
What is the tens digit of 371045?
4
What is the ten thousands digit of 152178?
5
What is the millions digit of 2250385?
2
What is the ten thousands digit of 263829?
6
What is the thousands digit of 1264436?
4
What is the tens digit of 291089?
8
What is the tens digit of 619118?
1
What is the ten thousands digit of 76269?
7
What is the ten thousands digit of 460040?
6
What is the ten thousands digit of 7494999?
9
What is the thousands digit of 614716?
4
What is the millions digit of 4993081?
4
What is the hundreds digit of 489090?
0
What is the hundreds digit of 86432?
4
What is the hundreds digit of 2688479?
4
What is the hundreds digit of 2992916?
9
What is the hundreds digit of 1140152?
1
What is the units digit of 1528986?
6
What is the tens digit of 84460?
6
What is the tens digit of 468331?
3
What is the hundred thousands digit of 313357?
3
What is the tens digit of 2925233?
3
What is the millions digit of 3033971?
3
What is the hundred thousands digit of 2429180?
4
What is the thousands digit of 172066?
2
What is the hundreds digit of 428513?
5
What is the ten millions digit of 13250422?
1
What is the units digit of 577128?
8
What is the ten thousands digit of 660955?
6
What is the hundreds digit of 93377?
3
What is the millions digit of 3697997?
3
What is the hundred thousands digit of 213138?
2
What is the units digit of 621318?
8
What is the ten thousands digit of 472119?
7
What is the thousands digit of 2506551?
6
What is the tens digit of 12009298?
9
What is the hundred thousands digit of 15441776?
4
What is the thousands digit of 502165?
2
What is the millions digit of 1073537?
1
What is the hundreds digit of 52811?
8
What is the ten thousands digit of 1297918?
9
What is the hundreds digit of 507574?
5
What is the units digit of 423922?
2
What is the tens digit of 1817361?
6
What is the ten thousands digit of 415439?
1
What is the hundred thousands digit of 153566?
1
What is the ten thousands digit of 182874?
8
What is the units digit of 8708946?
6
What is the thousands digit of 340300?
0
What is the ten thousands digit of 978162?
7
What is the hundreds digit of 14268?
2
What is the thousands digit of 8137501?
7
What is the units digit of 2695015?
5
What is the millions digit of 8349231?
8
What is the ten thousands digit of 1228573?
2
What is the thousands digit of 3056091?
6
What is the hundreds digit of 187722?
7
What is the hundred thousands digit of 224217?
2
What is the hundreds digit of 377541?
5
What is the units digit of 2233799?
9
What is the thousands digit of 1208721?
8
What is the ten thousands digit of 15880494?
8
What is the thousands digit of 8625079?
5
What is the thousands digit of 6541413?
1
What is the thousands digit of 110334?
0
What is the hundreds digit of 802668?
6
What is the hundred thousands digit of 3751773?
7
What is the ten thousands digit of 185015?
8
What is the tens digit of 206733?
3
What is the hundreds digit of 501153?
1
What is the hundreds digit of 7066?
0
What is the ten thousands digit of 265275?
6
What is the ten thousands digit of 10172596?
7
What is the units digit of 121901?
1
What is the hundreds digit of 6946432?
4
What is the units digit of 3746225?
5
What is the hundred thousands digit of 2974775?
9
What is the hundred thousands digit of 2848251?
8
What is the thousands digit of 751915?
1
What is the ten thousands digit of 8619883?
1
What is the units digit of 7469199?
9
What is the hundred thousands digit of 6218150?
2
What is the thousands digit of 1915895?
5
What is the thousands digit of 6270480?
0
What is the hundreds digit of 589546?
5
What is the hundreds digit of 418557?
5
What is the hundreds digit of 5363415?
4
What is the millions digit of 12179341?
2
What is the hundred thousands digit of 527914?
5
What is the millions digit of 1590870?
1
What is the tens digit of 199838?
3
What is the tens digit of 1751936?
3
What is the tens digit of 346660?
6
What is the units digit of 1541095?
5
What is the units digit of 5493?
3
What is the hundreds digit of 3609115?
1
What is the units digit of 10852971?
1
What is the thousands digit of 178650?
8
What is the hundred thousands digit of 505543?
5
What is the units digit of 8745777?
7
What is the units digit of 264162?
2
What is the tens digit of 3435958?
5
What is the thousands digit of 2492052?
2
What is the ten thousands digit of 613225?
1
What is the units digit of 9038837?
7
What is the tens digit of 3979970?
7
What is the tens digit of 1395737?
3
What is the units digit of 9477333?
3
What is the units digit of 1503251?
1
What is the hundreds digit of 10868770?
7
What is the thousands digit of 210792?
0
What is the ten thousands digit of 229374?
2
What is the hundreds digit of 514660?
6
What is the thousands digit of 3172837?
2
What is the tens digit of 16832981?
8
What is the tens digit of 72431?
3
What is the ten thousands digit of 11788401?
8
What is the thousands digit of 181120?
1
What is the units digit of 379793?
3
What is the tens digit of 247162?
6
What is the tens digit of 19051103?
0
What is the millions digit of 1320444?
1
What is the thousands digit of 142455?
2
What is the hundreds digit of 144587?
5
What is the millions digit of 5852026?
5
What is the hundred thousands digit of 1348590?
3
What is the hundred thousands digit of 1753011?
7
What is the thousands digit of 898352?
8
What is the hundred thousands digit of 13911333?
9
What is the hundred thousands digit of 8974236?
9
What is the millions digit of 1772015?
1
What is the hundred thousands digit of 713353?
7
What is the millions digit of 8750525?
8
What is the ten thousands digit of 1244742?
4
What is the thousands digit of 233841?
3
What is the tens digit of 4932065?
6
What is the hundred thousands digit of 190100?
1
What is the units digit of 50013?
3
What is the thousands digit of 63889?
3
What is the ten thousands digit of 19221898?
2
What is the ten thousands digit of 197381?
9
What is the tens digit of 127626?
2
What is the hundred thousands digit of 541137?
5
What is the hundreds digit of 2253901?
9
What is the thousands digit of 1059135?
9
What is the ten thousands digit of 495930?
9
What is the tens digit of 6868875?
7
What is the thousands digit of 12198660?
8
What is the tens digit of 969204?
0
What is the ten thousands digit of 835946?
3
What is the units digit of 602640?
0
What is the millions digit of 1306984?
1
What is the millions digit 